 is the units digit of ((-3)/o)/((-5)/(-150)*-3)?
0
Suppose 413*z = 430*z - 110126. What is the hundreds digit of z?
4
Let z(v) = 1 + 3*v**2 + 3*v - 2 + 2*v - 4*v**2. Let i be z(3). Let x(q) = -q**3 + 7*q**2 - 7*q + 5. What is the units digit of x(i)?
0
Let h(c) = 149*c - 49. Let u be 1 + 12*4/12. What is the tens digit of h(u)?
9
Suppose 2*g - 53687 = -3*r, -2*r - 65*g = -67*g - 35808. What is the thousands digit of r?
7
Suppose 0 = 6*j - 8*j. Suppose 2*r - 2*t = 668, -r - 2*r - 4*t + 974 = j. What is the units digit of r?
0
Let d = 10725 - 3817. What is the tens digit of d?
0
Let s be (-2)/(-8) + 1725/12. Suppose -2*r - s - 252 = 0. Let j = -122 - r. What is the units digit of j?
6
Let b(v) = -1212*v - 521. What is the thousands digit of b(-2)?
1
What is the units digit of 1042620/70 + -21 - 3/(-7)?
4
Let k(h) = 126*h**2 - 7 + 15*h - 2*h - 61*h**2 - 63*h**2. Let b be k(-8). Suppose 14*y = b*y - 261. What is the units digit of y?
7
Let t(b) = -9*b - 4. Let q be t(-2). Suppose -4*x = 0, -2*l + q = x + 2*x. Let v = l - -5. What is the units digit of v?
2
Let y(f) be the second derivative of f**4 - 11*f**3/6 - 25*f**2/2 + 55*f - 3. What is the hundreds digit of y(7)?
4
Suppose u + v - 33042 = 0, -16120 - 116016 = -4*u + 4*v. What is the tens digit of u?
3
Let o = -8836 - -17012. Suppose -o = -58*n + 51*n. What is the hundreds digit of n?
1
Suppose -5*m - 15 = 4*d - 40, 0 = 3*d + m - 5. Suppose 3*o - 75 + 66 = d. Suppose 1255 = 4*y + o*r, 4*y - 4*r - 968 = 308. What is the tens digit of y?
1
What is the thousands digit of (-117090)/(-36) + 6/4?
3
Let p = -6264 + 21621. What is the tens digit of p?
5
Suppose 969383 = 60*l + 160823. What is the ten thousands digit of l?
1
Suppose 73*j + 95 = 92*j. Let d(c) = 15*c + 12. What is the tens digit of d(j)?
8
Let v be (24 - -1) + (-6 - (2 + -6)). Suppose -3*r = -v - 13. What is the tens digit of r/10*190/3?
7
Let v = -10046 - -15826. Suppose 25*r - 2895 = v. What is the hundreds digit of r?
3
Let i = 16982 + -10389. What is the hundreds digit of i?
5
Let b be 2/((60/9 - 3) + -3). Let d(s) = 13*s**3 - 4*s**2 + 3*s + 10. What is the hundreds digit of d(b)?
3
Let m = -43 + 38. Let t be m/1 + 1 - -9. Suppose -290 = -4*n - 2*s, -3*n + t*s + 101 = -97. What is the tens digit of n?
7
Suppose 5*m + 2*g - 10915 = 0, -3*m - 2*g + 3136 = -3417. What is the hundreds digit of 12/45*m + (-8)/(-20)?
5
What is the hundreds digit of (-2178)/(-6897) + 92733/19?
8
Let t(v) = -2*v**3 - 11*v**2 + 28*v + 305. What is the units digit of t(-14)?
5
Let k(t) be the first derivative of -35*t**4/24 + 5*t**3/3 + 17*t**2 + 31. Let d(o) be the second derivative of k(o). What is the tens digit of d(-3)?
1
Suppose -133*h + 1533 = -108*h - 316517. What is the units digit of h?
2
Suppose 5*j + 23*m = 28*m + 239185, -j + 4*m + 47849 = 0. What is the units digit of j?
3
Let b = 494 + -386. What is the hundreds digit of (11/(-2))/((-1)/b*2)?
2
Suppose 0*d = 2*w - d + 8, 0 = 3*w - 3*d + 12. Let b(z) = -3*z**3 + 2*z**2 + 4*z - 3. Let a be b(w). Suppose -2*j + 7*j = a. What is the units digit of j?
1
Suppose 3*p + 36 = p. Let u = -44 - p. Let l = u + 51. What is the tens digit of l?
2
Suppose -5*y - 5*t + 2450 = -710, 5*t = 4*y - 2510. Let k be y/3 - (7 + -4). Suppose -9*s = -6*s - k. What is the tens digit of s?
6
Let v = 1532 - 2419. Let b = v + 1837. What is the units digit of b?
0
Let j(c) = 191*c + 21166. What is the thousands digit of j(-50)?
1
Suppose 1266 = 5*n + 2*p, 0 = -p - 5 + 3. Suppose n = g - 2*c - c, 0 = g + 3*c - 272. What is the tens digit of g?
6
Let x(f) = -3*f - 2. Let n be x(-4). Let y(j) = 160*j - 1127. Let z be y(7). What is the units digit of (z - (-85)/n)/(6/196)?
9
Suppose 3*q + z - 10 - 2 = 0, -2*z = -3*q + 3. Suppose p + 2 = -2*g + g, -g = -q. What is the units digit of 160/25 - (-2)/p?
6
Let q be ((-28)/(-8))/(5/20). Let f be (q/28)/((-1)/(-6)). Suppose 4*d - 269 = f*b, -6*d + b + 328 = -d. What is the units digit of d?
5
Suppose -4*d = -10 - 50. Suppose 0 = -28*t + 25*t + d. Let v(a) = -a**3 + 6*a**2 - 2*a + 3. What is the units digit of v(t)?
8
Let l be (-1)/(-14)*4 - (-14)/(-49). Suppose -5*f + 21*f - 7840 = l. What is the units digit of f?
0
What is the units digit of (-4340)/(-310)*(-154)/(-4)?
9
Suppose j + 1143 = -5*o + 34364, -4*o + 99718 = 3*j. What is the ten thousands digit of j?
3
Let i be 3 + -358 + 4 + -8. Let y = 636 + i. Suppose -3*k = -b + 2*b - y, -4*b = -5*k + 439. What is the units digit of k?
1
Let p(x) = 3*x - 24. Let s be p(10). Suppose -w = w - 3*f - s, -5*w + 2*f + 4 = 0. Suppose -t + 3*l + 121 = w, t + 36 = 4*l + 159. What is the tens digit of t?
1
Let p(c) = -5*c + 63. Let r be p(12). Suppose r*q - 2805 = 3*h, -7*h + 3*h = -q + 947. What is the hundreds digit of q?
9
Let s(d) = -d**3 + 7*d + d**2 + 4*d**2 + 8*d**2 - 11 - d. Let k = -19 - -31. What is the units digit of s(k)?
5
Suppose 4*z = -y + 10, -2*y + 10 = z + 4. Let q be 65 - (z - 2/3*9). Suppose q*n = 71*n - 458. What is the hundreds digit of n?
2
Let j be (-3)/12 - (-32838)/24. Suppose -2*s - 2*i + j = -s, -4*s + i + 5454 = 0. What is the tens digit of s?
6
Suppose -38*w - 6048 = -45*w. What is the hundreds digit of w?
8
Suppose -29*k - 3111 = -31*k - 3*j, 4*k = 3*j + 6195. What is the tens digit of k?
5
Let t = -5564 + 8981. What is the units digit of t?
7
Let s be (-13 + (-852)/(-60))/(6/20). Let r = s - -292. What is the hundreds digit of r?
2
Let c = -7344 - -20095. What is the tens digit of c?
5
What is the tens digit of 1/(63505/6350 - 10)?
7
Suppose -s - 2*y + 416 = -24469, -74715 = -3*s + 4*y. What is the ten thousands digit of s?
2
Suppose -12*i - 1606 = -11*i. Let r = i + 2925. What is the hundreds digit of r?
3
What is the tens digit of (-4)/38 - (103661428/(-6612) - (-2)/3)?
7
What is the thousands digit of (-6010)/12*(-3 - 20 - 55)?
9
Let u(j) = j**3 - 10*j**2 + 18*j + 21. Let s be (0 - -11) + (-2 - (2 - 2)). What is the tens digit of u(s)?
0
Suppose 315*s + 175*s = -76*s + 24840608. What is the units digit of s?
8
What is the tens digit of ((5 + -4)/1)/(59/2358407)?
7
Suppose 5*w + 3*x = 9259 + 1355, x - 2124 = -w. Suppose -9*j = -w - 3279. What is the hundreds digit of j?
6
Let j(h) = -828*h + 2478. What is the units digit of j(-24)?
0
Suppose 15*l = 22*l - 59570. Suppose 5*d - 2*d + 5*h - 6385 = 0, -4*d + l = 5*h. What is the units digit of d?
5
Let n(v) = 3*v - v**3 + 7*v - 26*v**2 - 20*v**2 + 52*v**2 + 2. What is the tens digit of n(5)?
7
Let w(p) = -5237*p - 4164. What is the tens digit of w(-5)?
2
Let b = -3010 - -4320. Suppose -2*y + 524 = 3*t, -2*t = -5*y + t + b. What is the hundreds digit of y?
2
Let o be (1*81)/(136/(-16) + 10). Suppose o*d - 47*d = 42. What is the units digit of d?
6
Let x = -79 + 78. Let s(j) = -2*j**3 + 3*j**2 - 2*j - 3. Let a be s(x). Suppose -754 - 216 = -5*m - r, 760 = a*m + 4*r. What is the tens digit of m?
9
Let r(u) = u**3 + 7*u**2 - 4*u + 2. Let d be r(-7). Let q be (-10)/4*(-108)/d. Suppose -1164 = -q*w - 3*w. What is the tens digit of w?
9
Suppose 4*b - 8 = 0, d - 6*d + 4*b = 3. Let p be (-1 + 7)/d*4/(-6). What is the tens digit of p/1 - -1*35?
3
What is the tens digit of 3/(-3) + 5 + 28809?
1
Let r(a) = -352*a + 179. Let g be r(37). What is the hundreds digit of g/(-13) + (-15)/195?
9
Suppose -12 = -4*v - 4. Suppose 0 = 6*x + 3*x - 423. Let r = x - v. What is the units digit of r?
5
Let n be (-2263)/15 - 16/120. Let u = n + 244. What is the tens digit of u?
9
Let b be (0 - -9) + -12 + 4 + 657. Let y(n) = -n**2 + 10*n + 15. Let j be y(11). Suppose -j*c + u = 98 - b, 270 = 2*c + 2*u. What is the tens digit of c?
3
Suppose -1321*a + 116292 = -1299*a. What is the thousands digit of a?
5
Let c(j) = 35 - j - j - 20. Let r be c(2). Suppose r*y + 2*y - 1209 = 0. What is the units digit of y?
3
Let j(f) be the third derivative of -7*f**4/24 + f**3/3 + 5*f**2. Let n be j(-2). Suppose 0*b = -b + n. What is the units digit of b?
6
Suppose -g - 2*t = 5, -5*g = -2*g + 2*t + 7. Let p be (1*(-5 - 3))/g. Suppose -p*m + m = -644. What is the tens digit of m?
9
What is the units digit of 3 + -2 + 5 - (-29257 - -155)?
8
Let u be 3660/(-9)*15/20*-2. Let w = u + 113. What is the units digit of w?
3
Let t(m) = -12*m - 5 + 4*m - 6*m - 2*m. What is the tens digit of t(-14)?
1
Suppose 2*d = s - 20,